g) = 2277*g - 2234. Give x(1).
43
Let i(c) = -84*c**3 + 12600*c**2 + 2*c - 86. Determine i(150).
214
Let s(n) = 6*n**2 - 1044*n - 43880. Give s(-35).
10
Let s(j) = -j**3 + 54*j**2 - 298*j + 3411. Determine s(49).
814
Let y(g) = g**3 + 49*g**2 - 44*g + 379. What is y(-50)?
79
Let n(d) = 3926*d - 47101. Determine n(12).
11
Let l(r) = 3*r**2 - 141*r - 4899. What is l(70)?
-69
Let p(g) = 3*g**3 - 252*g**2 + 3557*g - 2380. Determine p(17).
0
Let k(s) = 1201513*s**2 + 3604540*s - 2. Calculate k(-3).
-5
Let p(a) = 245*a - 17280. Give p(70).
-130
Let w(i) = -32*i**3 + 4*i**2 - 2*i + 9. Determine w(2).
-235
Let n(t) = t**2 + 12103*t - 388311. What is n(32)?
9
Let q(v) = -44157*v + 132476. Calculate q(3).
5
Let v(u) = 43*u**2 + 1707*u - 10367. Determine v(-45).
-107
Let h(g) = 226*g - 48251. Give h(210).
-791
Let d(n) = 9349*n - 280467. Calculate d(30).
3
Let k(c) = 2*c**3 - 313*c**2 + 767*c + 382. What is k(154)?
-80
Let h(o) = 45*o**2 + 1742*o + 15672. What is h(-9)?
3639
Let v(o) = 10*o**3 + 22*o**2 - 405*o + 464. What is v(-8)?
-8
Let d(j) = -j**2 + 385*j - 21078. Calculate d(64).
-534
Let v(r) = -149928*r - 53674221. Calculate v(-358).
3
Let r(h) = -11*h**2 - 2498*h + 48272. Calculate r(-245).
7
Let m(a) = a**3 + 37*a**2 - 44*a - 1. Determine m(3).
227
Let q(s) = -15813*s - 347885. What is q(-22)?
1
Let z(h) = -7*h**3 - 52*h**2 + 46*h + 563. What is z(-4)?
-5
Let i(r) = r**2 - 22*r - 1550. Determine i(-24).
-446
Let n(z) = 188*z - 26459. Give n(140).
-139
Let j(p) = 5482*p + 1233442. Give j(-225).
-8
Let t(x) = x**3 - 24*x**2 - 199*x + 570. What is t(30)?
0
Let o(q) = q**3 + 174*q**2 - 1529*q - 13225. What is o(-182)?
61
Let l(h) = 6787*h - 47662. Determine l(7).
-153
Let m(d) = d**3 - 14*d**2 - 58*d - 2538. What is m(20)?
-1298
Let f(w) = 7344*w - 2379459. What is f(324)?
-3
Let a(y) = 22*y**2 - 222*y. Give a(10).
-20
Let o(u) = -17*u - 3815. What is o(-148)?
-1299
Let w(i) = 1383*i - 19779. Calculate w(16).
2349
Let l(j) = -j**3 - 54*j**2 + 544*j - 1463. Calculate l(-63).
-14
Let o(f) = 1344*f + 4812. Calculate o(-3).
780
Let j(w) = 12452*w + 36372. Calculate j(-3).
-984
Let v(p) = -p**3 - 166*p**2 - 1073*p - 18098. What is v(-160)?
-18
Let r(x) = x**3 - 1189*x**2 + 250707*x + 812. Give r(274).
-10
Let v(d) = d**3 - d**2 + 5*d + 125. Determine v(-7).
-302
Let n(d) = 469*d - 50983. Calculate n(109).
138
Let z(a) = -11827*a - 188882. Give z(-16).
350
Let l(v) = 1767*v - 6718. Give l(4).
350
Let k(h) = 3*h**3 + 656*h**2 - 16699*h + 545. Determine k(23).
-7
Let l(u) = -12992*u - 13023. What is l(-1)?
-31
Let v(f) = 5031*f - 1459003. Determine v(290).
-13
Let b(w) = 2*w**2 + 199*w - 13004. Give b(45).
1
Let q(u) = 747*u - 4579. Determine q(6).
-97
Let t(d) = 1131*d**2 + 380*d - 370. Give t(1).
1141
Let d(v) = v**3 + 17*v**2 - 809*v - 15234. Calculate d(-25).
-9
Let t(h) = 472*h - 9330. Give t(17).
-1306
Let a(w) = 930*w - 54847. Determine a(59).
23
Let y(m) = -2*m**2 - 17*m + 575. Determine y(25).
-1100
Let q(a) = 11*a**2 + 291*a - 2745. Determine q(-34).
77
Let h(n) = -2*n**3 - 255*n**2 + 356*n - 3930. Calculate h(-129).
69
Let t(h) = h**2 - 8*h - 334. Calculate t(23).
11
Let k(q) = q**3 - 36*q**2 - 353*q + 12692. Calculate k(36).
-16
Let f(c) = 187*c - 20372. Calculate f(109).
11
Let m(g) = 80*g - 3427. Determine m(33).
-787
Let q(j) = 5*j**2 + 4674*j + 273823. Determine q(-872).
15
Let g(a) = 13776*a - 303147. Determine g(22).
-75
Let k(p) = -5947*p - 1409440. Determine k(-237).
-1
Let u(l) = -187*l**3 - 12715*l**2 + 67*l - 60. Calculate u(-68).
8
Let n(d) = -d**2 - 6510*d - 77985. Determine n(-12).
-9
Let q(j) = -j**3 + 459*j**2 + 4277*j - 30334. What is q(468)?
86
Let q(z) = -877*z + 597. What is q(1)?
-280
Let o(r) = -682*r**3 + r**2 + 11*r - 11. What is o(1)?
-681
Let i(n) = 19*n + 4161. Calculate i(-96).
2337
Let y(w) = w**3 - 65*w**2 - 765*w - 142. Calculate y(-10).
8
Let q(i) = -4456*i - 22219. Determine q(-5).
61
Let p(x) = 15299*x - 442365. Calculate p(29).
1306
Let c(z) = -z**3 - 762*z**2 + 1036*z + 974. What is c(2)?
-10
Let u(a) = -2*a**3 - 103*a**2 + 45*a - 364. Determine u(-52).
0
Let j(g) = -8*g**3 + 281*g**2 - 1729*g - 40. What is j(8)?
16
Let l(d) = -5*d**3 + 22*d**2 + d - 72. Calculate l(3).
-6
Let x(u) = -u**3 - 263*u**2 - 6263*u + 25719. Give x(-236).
-5
Let s(z) = 14*z**3 - 6728*z**2 + 3844*z - 2023. What is s(480)?
-103
Let v(d) = 10095*d**2 + 1494055*d - 736. What is v(-148)?
4
Let l(h) = -4702*h - 164602. Give l(-35).
-32
Let b(i) = 592*i**2 + 2*i - 1269. Determine b(0).
-1269
Let o(v) = -586*v**3 - 342*v**2 - 318*v + 24. Calculate o(-1).
586
Let p(q) = -33459*q - 903470. What is p(-27)?
-77
Let d(g) = 630*g**2 - 20152*g + 28. What is d(32)?
284
Let q(x) = x**3 - 2*x**2 + 12053*x + 60442. Determine q(-5).
2
Let j(f) = -5*f**2 - 871388*f + 6099969. Determine j(7).
8
Let x(u) = u**3 + 16*u**2 - 173*u - 2209. Calculate x(-19).
-5
Let w(f) = -13*f**3 + 286*f**2 + 5*f - 89. Give w(22).
21
Let s(p) = 12*p**2 + 72*p - 421. What is s(11)?
1823
Let d(g) = 18559*g + 2134289. Determine d(-115).
4
Let c(h) = 112*h**2 + 1129*h + 2750. Give c(-6).
8
Let z(k) = -k**3 - 9*k**2 - 186*k - 1024. Determine z(-6).
-16
Let f(m) = -4*m**2 + 1188*m - 53235. Determine f(242).
5
Let x(g) = g**3 - 288*g**2 - 292*g - 83523. Determine x(290).
-3
Let j(o) = -5*o**2 - 83*o + 424. Calculate j(6).
-254
Let c(v) = 69*v**2 - 15987*v + 10995. What is c(231)?
-93
Let n(z) = 151*z + 2129. Give n(-19).
-740
Let q(u) = 8054*u - 257735. Give q(32).
-7
Let n(w) = 138*w - 14631. Determine n(106).
-3
Let i(c) = 85*c**2 - 12154*c - 164. Give i(143).
-21
Let a(x) = 37*x**2 - 411*x + 2399. Calculate a(6).
1265
Let d(n) = 62542*n - 62672. Give d(1).
-130
Let g(i) = i**3 - 16*i**2 + 1343*i - 22952. Give g(17).
168
Let j(l) = 993782*l - 3. Give j(0).
-3
Let l(u) = 3*u**3 - 14*u**2 - 3483*u + 13877. Calculate l(4).
-87
Let n(d) = 11*d**3 + 305*d**2 + 574*d + 5. Give n(-2).
-11
Let j(k) = 5*k**2 - 16*k - 88. What is j(5)?
-43
Let r(u) = -65957*u - 4616980. Give r(-70).
10
Let i(k) = -152*k**3 + 10478*k**2 + 691*k - 73. What is i(69)?
-4
Let y(t) = 4317*t - 513699. Calculate y(119).
24
Let k(g) = -228213*g + 3423205. Give k(15).
10
Let f(h) = -11*h**2 + 267*h - 3293. Give f(14).
-1711
Let v(h) = 8364*h - 33181. What is v(4)?
275
Let a(j) = -55*j**3 + 9*j**2 + 56*j - 147. Calculate a(2).
-439
Let v(o) = -5*o**3 + 4*o**2 + 274*o + 2. Give v(-7).
-5
Let p(b) = 7316959*b - 73169601. What is p(10)?
-11
Let q(c) = c**3 - 1314*c**2 + 2529*c + 173. Give q(2).
-17
Let m(d) = 2*d**3 - 68*d**2 + 29*d - 194. What is m(34)?
792
Let h(u) = 16*u**3 - 2*u**2 - 98*u + 294. Give h(3).
414
Let o(r) = -17037*r + 4429612. Give o(260).
-8
Let g(h) = -h**3 - 714*h**2 + 2491*h + 1778574. What is g(-714)?
0
Let m(x) = -2680*x - 21450. Determine m(-8).
-10
Let y(w) = -w**3 + 58*w**2 - 713*w - 480. Determine y(18).
-354
Let u(p) = 24*p**2 + 9353*p + 523258. Determine u(-322).
8
Let t(f) = 33*f**2 + 627*f - 60. Determine t(-19).
-60
Let q(s) = 7*s**3 - 4006*s**2 + 5140*s - 598. Calculate q(571).
-27
Let v(j) = -2516*j - 1540. Calculate v(-1).
976
Let b(f) = 16232*f - 49097. Determine b(3).
-401
Let o(y) = 46*y + 73. Give o(-7).
-249
Let f(g) = -g**3 + 730*g**2 - 1723*g + 1257793. What is f(730)?
3
Let y(b) = 150096*b - 1200766. Calculate y(8).
2
Let a(f) = -4*f**2 + 379*f - 3305. Give a(85).
10
Let t(k) = 487*k - 31. What is t(0)?
-31
Let s(z) = 17*z**2 + 1454*z - 2563. What is s(-86)?
-1875
Let z(i) = -i**3 - 33*i**2 + 124*i - 111. Calculate z(-38).
2397
Let h(q) = -21*q**2 - 737*q + 49. What is h(-35)?
119
Let q(s) = s**3 + 31*s**2 + 190*s + 71. Give q(-21).
491
Let x(z) = 1498*z + 47932. What is x(-32)?
-4
Let b(k) = -572*k**3 - 1716*k**2 - 31*k - 93. What is b(-3)?
0
Let l(i) = -i**3 - 20*i**2 + 206*i - 50. Calculate l(-29).
1545
Let q(r) = 226*r + 71807. Give q(-317).
165
Let i(y) = -2*y**3 + 4*y**2 + 651*y + 6. What is i(19)?
101
Let u(x) = -99*x + 30077. Give u(303).
80
Let g(d) = 37*d**2 - 1797*d + 2842. Determine g(47).
116
Let i(h) = -6*h**2 - 174*h + 502. Calculate i(3).
-74
Let g(t) = -69928*t - 699273. Calculate g(-10).
7
Let i(h) = 15*h**2 - 556*h - 131. Give i(37).
-168
Let c(w) = -16*w**2 + 16*w + 283. Give c(6).
-197
Let k(j) = -4*j**2 - 639*j - 14148. What is k(-27)?
189
Let v(t) =